(-20). Let v = k - -101. What is the units digit of v?
0
What is the tens digit of (-136 - -1)*(-9 - 5)?
9
Let c be 6 + -2 - (-1)/(-1). What is the tens digit of 3/(-1)*(-79)/c?
7
Let k = 6 - 22. Let w(j) = j**3 + 16*j**2 - 6*j + 20. Let u be w(k). Suppose -2*t + 3*x = -u, 0*t - 2*t = -x - 124. What is the units digit of t?
4
Suppose 3*i = -8 - 10. Let c(f) = f**2 + 9*f + 9. Let r be c(i). Let x = r + 13. What is the units digit of x?
4
Let s(j) = -18*j + 1. Let x be s(-2). Suppose 4*w - 3*g = 27 + 18, -x = -3*w - g. What is the units digit of w?
2
Let t = 336 + -192. What is the tens digit of t?
4
What is the tens digit of 16*237/6 + -3?
2
What is the tens digit of 3146/6 + (-6)/(-9)?
2
Let j(s) = s**3 - 5*s**2 + 6*s - 3. Suppose 3*m - 8*m + 1 = -f, 5*f - m = 19. Let g be j(f). Suppose g*z - 90 = 95. What is the tens digit of z?
3
Let b(y) = 20*y**3 - 5*y**2 + 23*y - 97. What is the units digit of b(6)?
1
Let l = 1694 + -1172. What is the hundreds digit of l?
5
Let i = -21 + 25. Suppose -44 - 272 = -i*f. What is the units digit of f?
9
Let l(z) = z**3 + 5*z**2 - 9*z - 8. Let d be l(-6). Let x = 7 - d. Let a(r) = 2*r**2 - 2*r. What is the tens digit of a(x)?
2
Suppose 3*y - c = 13, 2*y - 2 = -c - 0. Suppose -z + y*z - 194 = o, o + 289 = 3*z. What is the tens digit of z?
9
Let v = -362 - -836. What is the tens digit of v?
7
Suppose -10286 = -5*z - y, -2*y - 4115 = -2*z - 3*y. What is the thousands digit of z?
2
Let x be (-20)/10 + 1 + 1. Suppose x = -30*o + 26*o + 16. What is the units digit of o?
4
Let p(q) = 40*q + 12. Let j be p(-5). Let g be (-5)/(-10)*-8 - j. Suppose -136 - g = -5*o. What is the tens digit of o?
6
Suppose -2 = -w - 0. Suppose 0 = -t - 5*b + 150, 252 = 2*t - 0*b - w*b. Suppose -5*h + t = -65. What is the units digit of h?
9
Let u(n) = n**3 - 9*n**2 + 17*n - 17. Let s be u(7). Suppose -s*a + 2*i - 4*i + 510 = 0, 0 = 3*a + i - 384. What is the units digit of a?
9
Suppose 304 = 9*o - o. What is the units digit of (19/o)/(1/162)?
1
Let j(m) = -6*m + 20. Let x(u) = -u**3 - 4*u**2 + 2*u + 1. Let v be x(-2). What is the units digit of j(v)?
6
Let x(v) = 12*v**2 + 7*v - 18. What is the units digit of x(3)?
1
What is the thousands digit of (-5 - 19/(-4)) + 4893/4?
1
Let u be (2/4)/((-7)/(-28)). Suppose 6*g + 158 = 2*z + u*g, -5*g - 10 = 0. What is the units digit of z?
5
What is the tens digit of (-16728)/(-16)*8/12?
9
Let v(p) = 158*p + 63. What is the hundreds digit of v(5)?
8
What is the thousands digit of 14560/325*(60 - 0)?
2
Let c = 198 - 213. Let s(i) = -2*i**2 + 9*i - 6. Let n(r) = -5*r**2 + 28*r - 18. Let k(q) = 3*n(q) - 8*s(q). What is the units digit of k(c)?
9
Suppose x - 4*x = -18. Suppose 5*w + 3 = 4*f, -x*f + 3*f = 4*w - 10. What is the units digit of w?
1
Suppose 2*y = 5*y + 4*q - 72, -2*y - 5*q + 41 = 0. Let h = y - 17. Let l = -7 + h. What is the units digit of l?
4
Let v(p) = 7*p + 4. Suppose -3*g - 3 = -n - 4, n - 5 = -3*g. Let k be 1/(n + -3) + 4. What is the tens digit of v(k)?
2
What is the thousands digit of (-90)/(-105) - (-2)/(-14)*-21827?
3
Suppose -x - 1 = -5*h - 6, -2*x - 2*h = -34. Let k = x - 15. Suppose k = -2*c + c + 33. What is the units digit of c?
3
Let k(o) = -o**3 + 18*o**2 - 45*o - 17. Let f be k(15). Let y = -2 + 3. Let j = y - f. What is the tens digit of j?
1
Let w(l) = -l - 2. Let n be w(-2). Suppose -2*v - 2*v + 16 = h, -4*h + 4*v + 124 = n. What is the tens digit of h?
2
Suppose n = 0, 2*z + 3*n - 212 = -0*n. Let a(g) = g**2 + 10*g - 11. Let r be a(-11). Suppose r = -5*h + 4*j + z, 5*j - 2 = 3. What is the units digit of h?
2
Let v(l) = 2*l**2 - 2*l - 17. Let t be v(-7). Suppose -t - 145 = -10*o. What is the tens digit of o?
2
Let d be ((-40)/(-12))/(2/(-3)). Let q be (-3)/((10/(-24))/d). What is the tens digit of 2/6 - 420/q?
1
Let p = 200 - 289. Let y = 119 + p. What is the tens digit of y?
3
Let s = 11 - 27. Let l = 15 + s. What is the units digit of -13*l*(1 - 0)?
3
Let y(q) = -q - 2. Let u be y(-6). Suppose u*w + 17 = -3*c, 2 = 2*w + 4*c - 2. What is the tens digit of (w/(-3))/(4/30)?
2
Let y(b) = -b**2 - b - 1. Let f(j) = 5*j - 1 - j + 2*j - 4*j + 4*j**2. Let h(i) = f(i) + 2*y(i). What is the tens digit of h(-3)?
1
Let n(f) = -22*f + 67. What is the tens digit of n(-10)?
8
Suppose h = 4*d - 8, -3*h - 2*d - 5 = 5. Let y be (-2)/(h/5)*2. Suppose -y*k + 5*a + 117 = 17, 5*k + 5*a - 130 = 0. What is the units digit of k?
3
Suppose 4*d + 219 = 5*d. Suppose d = -7*h + 10*h. What is the units digit of h?
3
Suppose 6*h - h = 530. Suppose h + 94 = 4*k. What is the units digit of k?
0
Let y = 69 - 68. What is the hundreds digit of y*-5 - 292/(-1)?
2
Let c = -16 - 54. Let q = -41 - c. What is the units digit of q?
9
Let l = -3887 - -6565. What is the tens digit of l?
7
Suppose 36583 - 240615 = -64*t. What is the tens digit of t?
8
Let z be 2/(-3) - 114/18. Let l(h) = -h**2 - 7*h + 3. Let j be l(z). What is the units digit of -3 + (j - (-6)/2)?
3
Suppose -28*c + 25 = -23*c, 0 = 5*r + 2*c - 4315. What is the tens digit of r?
6
Let f = 2878 + -1298. What is the units digit of f?
0
Let n(b) = 43*b**2 + 3*b + 6. What is the units digit of n(-3)?
4
Suppose 5*m - v = 870, -5*v = 7*m - 12*m + 870. What is the units digit of m?
4
Let f(d) = -d**3 + 20*d**2 + 32*d - 36. What is the tens digit of f(18)?
8
Let t(p) = -2*p**3 + 18*p**2 + 11. Let h be 4/(-10) - (-329)/35. What is the units digit of t(h)?
1
Suppose 4*l - 475 = 1485. What is the hundreds digit of l?
4
Suppose -4*i + 4*h = -172, -21 + 9 = -4*h. What is the tens digit of i?
4
Let j(h) = 54*h - 41. What is the hundreds digit of j(11)?
5
Let x be 213 + 0 - ((-48)/6)/(-2). Let g = -127 + x. What is the tens digit of g?
8
Suppose -5*m + 18 = -x, -x + 12 = -5*x. Suppose 0 = 5*b + 5*y - 10, m*b - 5*y = -2*y + 12. What is the units digit of b?
3
Suppose -239*z + 244*z = 12875. What is the hundreds digit of z?
5
Suppose 14 = b + 11. Let f(a) = 10 - 9 - 7*a + 13 + b*a. What is the tens digit of f(-5)?
3
Suppose -y = 2*g - 3*g - 11, 0 = 4*g + 3*y + 23. Let l(a) be the second derivative of -a**4/12 - 5*a**3/3 + 2*a**2 + 88*a. What is the units digit of l(g)?
0
Let o(d) = -3*d + 19. Let r be o(5). Suppose -238 = -2*f - 2*u - 0*u, 0 = -r*f - 3*u + 472. What is the hundreds digit of f?
1
Let o = -14 - -6. What is the hundreds digit of (2 + (348/o)/3)*-10?
1
Let i = -119 + 119. Suppose -2*k - 62 + 272 = i. What is the units digit of k?
5
Let b(a) = a**3 - 10*a**2 + 3*a - 20. Let v be b(8). Let i = -52 - v. Suppose -5*u + i = -u. What is the units digit of u?
8
Suppose 8 = 2*q, -2*q = 3*g + g - 1720. What is the tens digit of g?
2
Suppose 5*c - 5 = 35. Suppose 0 = -5*a + 4*a + c. What is the units digit of (a/6 - 1)*66?
2
Suppose 0 = 7*v - 2*v. Let l(u) = 1 - 3 + 2*u**2 + u**3 - 2*u + 3 + v. What is the units digit of l(1)?
2
Suppose -17*x - 32770 = -128973. What is the thousands digit of x?
5
Suppose -7*u + 2*u = -2040. What is the units digit of u?
8
Let j = 308 - 165. What is the units digit of j?
3
Let x(f) = 3*f**2 - 68*f + 138. What is the hundreds digit of x(31)?
9
Let o(f) = f**3 - 4*f**2 + 8*f - 2. Let q be o(6). Suppose 0*y = -2*y + q. What is the units digit of y?
9
Suppose 0*j + 5*j - 672 = -4*w, 3*w = 9. Suppose -268 = -4*h + j. What is the hundreds digit of h?
1
What is the units digit of 131*1 - (33 - 36)?
4
Suppose -130*i + 125*i + 16295 = 0. What is the units digit of i?
9
Suppose 12*y - 70 = 7*y. Let c be (-234)/21 - (-2)/y. Let o(x) = x**3 + 11*x**2 - 3*x + 1. What is the units digit of o(c)?
4
Suppose 81483 = 40*x - 21837. What is the tens digit of x?
8
Let i = -28 - -31. Suppose i*r = -145 - 125. What is the tens digit of (22/33)/((-1)/r)?
6
Suppose 780 = 2*w - 4*z - 0*z, 4*z - 1936 = -5*w. What is the units digit of w?
8
What is the tens digit of 62172/84 - 2/14?
4
Suppose 4*t - 76 = -0*t. Let i = -19 + t. Suppose -3*d + 33 = 3*z, i*d - d - 4 = -4*z. What is the units digit of d?
8
What is the units digit of 2/((-15906)/2652 + 6) - -4?
8
Suppose 174*y + 1364 = 178*y. What is the units digit of y?
1
Let j(k) = -220*k - 477. What is the tens digit of j(-6)?
4
What is the tens digit of (9 - 11)/((-2)/236)?
3
Let a(q) = -q**2 + 11*q - 19. Let u be a(7). What is the tens digit of -1 + 1 - 0 - (-45 + u)?
3
Suppose -143 = -3*z - 5*i, 0 = 5*z